16, what is -39 + -2cc?
-305
In base 16, what is -498c2 - 3?
-498c5
In base 16, what is 1 + -5c6?
-5c5
In base 10, what is 10 + -1857?
-1847
In base 12, what is -14201a + -1?
-14201b
In base 12, what is -350 - -19a?
-172
In base 6, what is -20 + -2043?
-2103
In base 6, what is 42 - -2055?
2141
In base 15, what is 1 - 5caa5?
-5caa4
In base 8, what is 7734 - -1?
7735
In base 7, what is 365543 + -45?
365465
In base 16, what is 5 - -29ea?
29ef
In base 13, what is 2198 + -27?
2171
In base 15, what is -6444 + 4?
-6440
In base 15, what is -6a + 89?
1e
In base 8, what is -344 + 2117?
1553
In base 4, what is -21122 - 130?
-21312
In base 6, what is -1354141 - 144?
-1354325
In base 10, what is -34 - 69675?
-69709
In base 15, what is -ac + 5b?
-51
In base 3, what is -1020010202 - 10?
-1020010212
In base 5, what is -1213404443 - 2?
-1213410000
In base 14, what is 49d + 163?
622
In base 12, what is -1a365 + 3?
-1a362
In base 2, what is -1011110010111111001 + -10?
-1011110010111111011
In base 6, what is -232143 + 5?
-232134
In base 4, what is 0 + 11320?
11320
In base 8, what is 26 + -4425?
-4377
In base 13, what is -266a - 1?
-266b
In base 3, what is 22102012 + 220?
22110002
In base 7, what is -46 + 1155?
1106
In base 16, what is -11 - -2bf?
2ae
In base 3, what is 10111021 - 121?
10110200
In base 4, what is 3333 + -331?
3002
In base 7, what is 31321 + 10?
31331
In base 16, what is 0 + bc171?
bc171
In base 14, what is -8 - -2961?
2957
In base 11, what is 279 - -35a1?
386a
In base 2, what is -1011110 + -11011100011?
-11101000001
In base 9, what is -12831 + 11?
-12820
In base 10, what is 35 + 683?
718
In base 15, what is -3a36b + -5?
-3a371
In base 6, what is -1011430 - 145?
-1012015
In base 13, what is -14 + -2114?
-2128
In base 4, what is 20121213 - 1010?
20120203
In base 3, what is -12 + -100111022?
-100111111
In base 11, what is -130 - 59?
-189
In base 9, what is 268 + 73?
352
In base 3, what is 10022212012 + 0?
10022212012
In base 7, what is -1 + -366106?
-366110
In base 7, what is 236 + -3315?
-3046
In base 9, what is -1408 + 218?
-1180
In base 4, what is 2012 - 21?
1331
In base 7, what is 3 + 11225516?
11225522
In base 6, what is -2 - 50525334?
-50525340
In base 8, what is 221 - 2274?
-2053
In base 10, what is 20862 + 5?
20867
In base 6, what is -3 - 42525015?
-42525022
In base 15, what is -1a - -4074?
4059
In base 13, what is 4 - -6773b?
67742
In base 12, what is 70417 + -2?
70415
In base 15, what is 1b - -3d1?
3ec
In base 9, what is -223337 - 1?
-223338
In base 9, what is -10627 + -6?
-10634
In base 7, what is 33 + -155415?
-155352
In base 16, what is 1f + -4a2?
-483
In base 15, what is 140 - 210?
-c0
In base 2, what is -1110100 + 11011000101?
11001010001
In base 14, what is 313ca + -9?
313c1
In base 8, what is -3010 + -746?
-3756
In base 10, what is -6230 - 117?
-6347
In base 5, what is 3023 + -1404?
1114
In base 7, what is -6 + 20134?
20125
In base 2, what is 1110010100110001000000 + -11?
1110010100110000111101
In base 10, what is -121736 - -2?
-121734
In base 5, what is -31032 - -3?
-31024
In base 12, what is 5216 - 11?
5205
In base 9, what is -16324 - 5?
-16330
In base 10, what is -21 - -27206?
27185
In base 10, what is 5 + -27421?
-27416
In base 3, what is 202220 - -2201?
212121
In base 13, what is 8 + -184a?
-1842
In base 7, what is -10526 + 625?
-6601
In base 15, what is -39 + e2?
a8
In base 8, what is 212574 - 4?
212570
In base 14, what is 4b + 1508?
1555
In base 2, what is 11111 - 10111100111110?
-10111100011111
In base 8, what is -3565 - -334?
-3231
In base 8, what is 7300610 + -4?
7300604
In base 10, what is 2 - 954653?
-954651
In base 15, what is -3d0 - -127?
-2a8
In base 13, what is 349 - -154?
4a0
In base 14, what is -18893 - -a?
-18887
In base 4, what is 230011322 + -3?
230011313
In base 4, what is -3333331 + 1122?
-3332203
In base 2, what is -1101100000011 - -1000?
-1101011111011
In base 10, what is 5 + 125498?
125503
In base 7, what is 0 + 1365502?
1365502
In base 16, what is 182 - -7?
189
In base 9, what is 1215 - -128?
1344
In base 7, what is -1553113 + -4?
-1553120
In base 15, what is -1 - c500?
-c501
In base 3, what is 1011110101 + -1?
1011110100
In base 2, what is -1101011110001001 + 11?
-1101011110000110
In base 10, what is 136974 + 10?
136984
In base 15, what is -5a3 - 388?
-93b
In base 13, what is 55a + 25?
582
In base 5, what is 2 - 144021030?
-144021023
In base 3, what is -11 - -10211022212?
10211022201
In base 15, what is 808e + -2c?
8062
In base 12, what is 4 + -6241?
-6239
In base 4, what is -301032 + 2?
-301030
In base 7, what is -5 - 51534?
-51542
In base 3, what is 111 - -2001222111?
2001222222
In base 4, what is -1231000 - -20?
-1230320
In base 8, what is -53 + 20702?
20627
In base 14, what is -7c51 - 5?
-7c56
In base 12, what is -16346 - -4?
-16342
In base 9, what is -2554 - 11?
-2565
In base 11, what is 1 + 53206?
53207
In base 15, what is 62b0 - -3?
62b3
In base 16, what is 57 + -21e0?
-2189
In base 14, what is -755c8 - -5?
-755c3
In base 14, what is -7 + -3913?
-391a
In base 13, what is -133 - -5658?
5525
In base 11, what is -10606 - 4?
-1060a
In base 6, what is 22030511 - -5?
22030520
In base 15, what is b9a + 5?
ba0
In base 7, what is 102 + -3312?
-3210
In base 3, what is 102122020 - -120?
102122210
In base 12, what is 18 - -9081?
9099
In base 12, what is 9a - 10?
8a
In base 9, what is 106 + -6015?
-5808
In base 12, what is -22 + -616b?
-6191
In base 4, what is 2010123 - -2022?
2012211
In base 9, what is -130 + -122522?
-122652
In base 15, what is 4c2e + -5?
4c29
In base 15, what is -2a5 - 4c?
-302
In base 14, what is -87 + dd?
56
In base 10, what is 0 + 9391?
9391
In base 6, what is -33440 + -123?
-34003
In base 16, what is 68 + -2f?
39
In base 4, what is 210203300 + 1?
210203301
In base 9, what is -14223 - -7?
-14215
In base 11, what is 392 - -130?
512
In base 15, what is e - -1eb0?
1ebe
In base 7, what is -6 + 2063?
2054
In base 5, what is -1003304 - -13?
-1003241
In base 11, what is -1846 + 11?
-1835
In base 11, what is 24a + 216?
465
In base 10, what is -63448 - 41?
-63489
In base 13, what is 2 - 2570b?
-25709
In base 8, what is -33 + 467661?
467626
In base 15, what is bae6 + -9?
badc
In base 5, what is 1231302 + -1?
1231301
In base 11, what is 4 + -23045?
-23041
In base 7, what is -54612 + -51?
-54663
In base 5, what is -140 - 440204?
-440344
In base 13, what is 30 + -3334?
-3304
In base 3, what is 100010120120 - 10?
100010120110
In base 16, what is 66ee + -2a?
66c4
In base 8, what is 26302 - 1?
26301
In base 11, what is 164 - -81?
235
In base 2, what is 11011 + 101001000001011?
101001000100110
In base 14, what is -1b9 - 21a?
-3d5
In base 5, what is -30244223 - 1?
-30244224
In base 7, what is 662134 + -1?
662133
In base 16, what is 3 - 13c7a?
-13c77
In base 10, what is -55 + 284?
229
In base 6, what is -221 + -332?
-553
In base 3, what is -200120011 + 11?
-200120000
In base 3, what is -1221 - -112101002?
112022011
In base 8, what is 13270 + 33?
13323
In base 7, what is -11643000 - 5?
-11643005
In base 6, what is -3 - 10314534?
-10314541
In base 3, what is -21012022 - 10?
-21012102
In base 16, what is 1e - -cc8?
ce6
In base 13, what is 10989 + 12?
1099b
In base 16, what is 20f2 + 1?
20f3
In base 14, what is -4 + 30b6?
30b2
In base 6, what is 42244 - -2?
42250
In base 10, what is 1 - 66396?
-66395
In base 11, what is -2 + 55481?
5547a
In base 13, what is 443 + -11?
432
In base 8, what is 4 + 163714?
163720
In base 2, what is -11000 - -100000110111100?
100000110100100
In base 8, what is 1632336 + -2?
1632334
In base 8, what is 15040 - 5?
15033
In base 4, what is 1 - -13000110?
13000111
In base 10, what is 6575 + -3?
6572
In base 10, what is 875 + 104?
979
In base 13, what is 347a3a + -4?
347a36
In base 3, what is 220000 - 201120?
11110
In base 8, what is -112 + -2071?
-2203
In base 2, what is -10 + 10000111001010011?
10000111001010001
In base 9, what is 11835 - -15?
11851
In base 4, what is -11301 + 2012?
-3223
In base 16, what is 128 - -40?
168
In base 7, what is 4 - -434422?
434426
In base 16, what is 4 + 4ec7?
4ecb
In base 11, what is -2 + -80452?
-80454
In base 13, what is -1c + 1b2ca?
1b2ab
In base 6, what is 12021201 + -4?
12021153
In base 7, what is 14 + -144616?
-144602
In base 14, what is -624 - 